 -2*y + 12. Let b(r) = -3 + 2*r**2 - r**3 + 3 + 0*r + r. Calculate b(g).
2
Suppose 12 = 2*a + s, 4*a + 63*s - 68*s - 24 = 0. Let i(n) = -7 + n + 0*n + 0*n. Give i(a).
-1
Let y(u) = -u**2 - 14 + 9122*u + 8 - 9130*u + 0*u**2. Suppose q + 4*q + 3*r + 40 = 0, q + 8 = -5*r. Determine y(q).
-6
Let f(b) = 9*b**2 - 5*b - 15*b**2 + 5*b + 5*b**2 + 7. Determine f(-4).
-9
Suppose -3*n = z + 4, -2*z - 14 = -4*n - 6. Suppose -5*o + n*k + 2*k + 4 = 0, 4*o - 4*k + 4 = 0. Let j(s) = -5*s - 4 + 0*s**2 - 3*s**2 + o*s**2. Give j(-6).
-10
Let u = -2 + -3. Let i(a) = -a + 1. Let h(j) be the third derivative of j**4/6 - 7*j**3/6 + 30*j**2. Let s(v) = -h(v) - 5*i(v). What is s(u)?
-3
Let y(p) = -2*p + 6. Let z(u) = -6*u + 18. Let x(s) = 16*y(s) - 5*z(s). Let g(c) = 6*c + 1. Let b(i) = -i - 14. Let d be b(-13). Let j be g(d). What is x(j)?
16
Let m(a) = -7*a + a**3 - 2*a**3 - 7 + 8*a**2 - 6*a**2 - 10*a**2. Give m(-7).
-7
Suppose 0 = p - 4*d + 17, 0*p + 3*p + 11 = 2*d. Let q(u) = -573 + 11*u**2 + 1711 - 573 - 566. What is q(p)?
10
Suppose -7*m = -5*m - 4. Let j be 8/28 + 61/7. Suppose -3*h - 2*f - 14 = 0, -3*h + f - j = -m*f. Let u(y) = -y**3 - 3*y**2 + 6*y + 5. Calculate u(h).
-3
Let s(a) be the third derivative of 4*a**2 + 7/6*a**3 + 0 + 1/6*a**4 - 1/60*a**5 + 0*a. What is s(5)?
2
Let y(m) = 2*m + 17. Let p = -39 + 24. Give y(p).
-13
Let d(o) be the first derivative of -o**5/60 - o**4/24 - o**3/6 + 17*o**2 + 18. Let v(l) be the second derivative of d(l). What is v(-3)?
-7
Let n(p) be the first derivative of -1/4*p**4 - 7/3*p**3 - 3*p**2 - 12 - 9*p. What is n(-6)?
-9
Let x(y) be the third derivative of y**5/60 - y**4/6 + y**3/6 + 35*y**2. Suppose -3 = 4*a - 23. Give x(a).
6
Let j(o) be the second derivative of o**6/180 + o**5/20 + o**4/8 - 37*o**3/6 - 25*o. Let g(t) be the second derivative of j(t). Calculate g(-4).
11
Let o(s) = -2*s - 3. Let q = 1496 - 1501. Give o(q).
7
Suppose -j + 3*p = -13, 3*j = 3*p + p + 19. Suppose 0 = -4*a + j + 7. Let b(f) = f - 5*f + a*f + f. Calculate b(-6).
6
Suppose 3 = -h + 2*h. Suppose h*u - 1 - 11 = 0. Suppose -u*t = -0*p - p - 6, 0 = 3*p - 2*t - 2. Let z(a) = 2*a + 1. Determine z(p).
5
Let p(b) be the first derivative of b**4/4 + 5*b**3/3 + 2*b**2 + 63. Calculate p(-5).
-20
Suppose f - 10 = -5*t + 4*f, -3*t + 6 = 3*f. Suppose -5*h + c + 8 = t, -c = h. Let d(b) = -12*b**2 - b. What is d(h)?
-13
Let s(y) = 21*y + 6*y + 1 + 21*y**3 - 28*y. Give s(1).
21
Let v(p) be the third derivative of 11/30*p**5 + 1/24*p**4 + 13*p**2 - 1/6*p**3 + 0 + 0*p. Give v(1).
22
Let k(d) = -d - 38 - 3*d**2 + 70 + 2*d**2 - 5*d - 25. Calculate k(-5).
12
Let o be (-14)/(14 - 8 - 8). Let b(y) = -y**2 + 4*y + 1. Give b(o).
-20
Let a(h) = -4*h**3 + 3*h**2 - 5*h. Let j be (-4)/(-12)*15*1. Let z(u) = 7*u**3 - 7*u**2 + 10*u - 1. Let k(f) = j*a(f) + 3*z(f). What is k(5)?
-3
Let l(x) = 6*x**2 + 2*x - 9. Let f(h) = -7*h**2 - h + 8. Let g(q) = -5*f(q) - 6*l(q). Determine g(-9).
-4
Let k = -10 + 12. Let p(r) = 2*r**3 - 3*r**2 + r + 1. Let h be p(k). Let g(s) = 2 + s**2 + 2 + h*s + 2. Give g(-5).
-4
Let l = 15 + -14. Let g(u) = u**3 - u + 1. Let w(y) = -3*y**3 + 2*y**2 + y - 3. Let k(j) = l*w(j) + 4*g(j). Let n be (-1)/3*(2 - 8). Calculate k(n).
11
Let c(z) be the third derivative of -z**6/120 - z**5/6 + 13*z**4/24 - z**3 - 61*z**2 + 4*z. Determine c(-11).
-28
Let w(u) = 7*u**2 - 10*u - 4. Let z(d) = -4*d**2 + 5*d + 2. Suppose 2*m - 5*m + 15 = 0. Let y(b) = m*z(b) + 3*w(b). Give y(6).
4
Let g(x) = 12 - 3 - x + 0. Determine g(13).
-4
Suppose -5*g + i + 12 + 10 = 0, -5*i = -3*g. Let s(w) = w**3 - 5*w**2 - w. What is s(g)?
-5
Let i(y) = 4*y - 4. Let d(l) = l**2 + 7*l - 28. Let g be d(-8). Let t = 25 + g. Give i(t).
16
Let t(z) = -z**2 - 8*z - 9. Let s(m) = -m - 3. Suppose 27*y - 28*y = 0. Let k be -2 + y + 9 - 4. Let d be s(k). Give t(d).
3
Suppose -2*d = -6*d - 20. Let n(u) = -32*u**3 - 15*u**2 + 7*u + 1. Let k(m) = 13*m**3 + 7*m**2 - 3*m. Let a(v) = -5*k(v) - 2*n(v). Give a(d).
-7
Suppose -5*i + 30 = 2*a, 4*i + i = a + 45. Let g be 54/i - (-2)/8. Let p(b) = -b**2 + 9*b - 6. Give p(g).
8
Let b(o) = -o**2 + 9*o + 6. Let j(g) = g + g + 0*g. Let v be j(4). Give b(v).
14
Let v(q) = -q - 3. Let j be v(-7). Let p(h) = 2 + 3*h**3 - 2*h**3 + 2*h - j + 5*h**2. Calculate p(-4).
6
Suppose 2 = -2*s - 0*s. Let z(t) = -2*t - 2. Let g(m) = -m + 1. Let l(d) = s*z(d) - 3*g(d). What is l(-1)?
-6
Let n(z) be the third derivative of z**6/120 - 2*z**5/15 + z**4/4 + 5*z**3/6 - z**2. Let k be (-135)/(-25) + (-4)/10. Suppose -33 + k = -4*d. Determine n(d).
-2
Let f = 10 - 6. Let j(b) = -3*b - 530*b**3 + 6*b**2 + 529*b**3 - 3*b - b**2. Calculate j(f).
-8
Suppose 4*k - 4 = -4*b, 4*k - 7*k - 1 = b. Let q(m) be the first derivative of -1/2*m**2 + b*m - 3 - 2*m**3 + 1/4*m**4. Calculate q(6).
-4
Let t be -1 + (-1)/(-1) - 3. Let m(s) = 9*s**2 - 8*s - 6. Let r(z) = -11*z**2 + 9*z + 7. Let y(l) = -6*m(l) - 5*r(l). What is y(t)?
1
Let h(j) be the third derivative of 11*j**4/24 + 2*j**3/3 - 43*j**2. Give h(-3).
-29
Let m(q) = -2*q + 4*q - 20 + 22. Determine m(-8).
-14
Suppose -i + 5*t + 4 = -14, -27 = -5*i + 4*t. Let g(m) = -4*m + 160 - 168 + i*m. What is g(-4)?
-4
Let n(y) = y + 2. Let b(t) = -t + 13. Let q be b(13). Suppose q = -2*d - a, -4*a + 5 = 2*d + 17. Suppose 2*u = 5*g + 33, 0*g - 2 = 2*g + d*u. Give n(g).
-3
Let i(d) = -7*d**2 + 4 + d**3 - 2*d + 14 - 2. Let z be i(7). Let g(h) = -13*h**2 + 25*h**2 - 14*h**z. What is g(-1)?
-2
Let i(x) = 2*x - 10. Let s be i(6). Let j(y) = 2 - s - 3*y - 3 + 2. Determine j(-2).
5
Let s(w) = -19 + w + 17 + 3*w**2 + 0*w. Calculate s(2).
12
Suppose v = -5*u + 12, -4 = 4*u + 2*v - 16. Let j be 2 + 3/1 - u. Let s(f) = -f + 1. What is s(j)?
-2
Let i(g) = -g**2 - 8*g - 9. Suppose 109*p - 8 = 111*p. Determine i(p).
7
Let w(l) be the first derivative of -l**4/24 + l**3 + 7*l**2 + 19. Let b(y) be the second derivative of w(y). Give b(6).
0
Let m = 64 - 61. Let z(t) = 7*t**2 - t**m + 16 + 14 - 34. What is z(7)?
-4
Let h = -16 + 44. Suppose 19*u = 12*u + h. Let c(l) = -4*l + 6. Give c(u).
-10
Let t(h) = -h**2 + 13*h - 37. Let y be (58 + -49)*(-3 + 2)/(-1). Determine t(y).
-1
Let d be (-1 + -2)*2/(-6). Let y(h) be the second derivative of -1/6*h**4 + 25*h + 0 + 0*h**3 - 1/2*h**2. Calculate y(d).
-3
Let s(l) = -43*l - 133. Let m be s(-3). Let z(f) = -f + 6. Calculate z(m).
10
Let f(w) = w**3 - 2*w**2 - 1. Let i(t) = -t**3 - 13*t**2 - 9*t + 40. Let q be i(-12). Determine f(q).
31
Let a = -1 + 1. Suppose -4*h - 14 + 10 = a. Let p(c) = -4*c**3 - c. Determine p(h).
5
Let j(y) = -y**2 + y. Let u(w) = 6*w**2 - 8*w + 3. Let o be ((-4 + 9)/(-5))/1. Let m(g) = o*u(g) - 5*j(g). Determine m(2).
-1
Let k(x) = -8 - 7 - 5*x**2 - 51 + 61 + x**3. Calculate k(4).
-21
Let z(l) be the second derivative of l**4/12 + 4*l**3/3 - 3*l**2 - 14*l. Suppose -10*f + 16*f + 54 = 0. Determine z(f).
3
Let i(d) = d - 10. Let n be i(7). Let w(g) be the first derivative of -1/2*g**2 - 6 - 5*g. What is w(n)?
-2
Let f(z) = 3*z - 5. Let l(m) = -2*m**2 + 7. Let o(n) = -f(n) - l(n). Let h = 0 + 4. What is o(h)?
18
Let x = -3 + 4. Let p(r) = 4*r**2 - 3*r + 1. Let k(h) = 19*h**2 - 17*h + 6. Let l(y) = -2*k(y) + 11*p(y). Give l(x).
6
Let i(m) be the third derivative of m**6/120 - 2*m**5/15 - m**4/12 + 2*m**3 - 3*m**2. Suppose 0 = 44*r - 45*r + 8. What is i(r)?
-4
Let z(q) be the second derivative of -q**4/12 - 10*q**3/3 + 10*q**2 - 203*q. What is z(-22)?
-24
Let r be (-19)/3 - (-19)/57. Let x(o) = o**3 + 7*o**2 + 7*o - 4. Determine x(r).
-10
Let g(n) = n**3 - 12*n**2 + 14*n - 11. Suppose 3*u - u - a - 24 = 0, -31 = -3*u - a. What is g(u)?
22
Let i(a) be the third derivative of 0*a**4 - 5*a**2 + 0 + 0*a + 1/60*a**5 - 2/3*a**3. Calculate i(3).
5
Let q(u) = -u**3 + u**2 + u + 0*u - 36 + 19 + 15. Calculate q(3).
-17
Let f(p) = -2*p + 19. Let q(x) = -3*x + 26. Let i(n) = -5*f(n) + 4*q(n). Determine i(0).
9
Let t be 1/((16/4)/20). Suppose -2*l + x - 5*x = -12, -t*l + 5*x = -30. Let f(u) = 4*u**3 - l + 4 - u + 1 + 2*u. What is f(1)?
4
Let n(t) = t - 1. Let f(y) = 3*y**3 + 2*y**2 - y. Let o be f(1). Suppose o*d = x + 11, 0*d - 4*d = 5*x - 17. Let z be (-4)/d*(-3)/(-1). Calculate n(z).
-5
Let f(t) = 2*t - 33. Let a(x) = x**3 - 12*x**2 + 35*x + 20. Let n be a(7). What is f(n)?
7
Let s(d) be the third derivative of -d**4/12 - d**